0*r - 5*b - 5 = i. List the prime factors of r.
2
Let h(v) = v**2 - 6*v + 4. Suppose 2*y + 10 = 4*g - 2, 2*y + 2 = 2*g. Let i be h(y). Let a = 0 - i. List the prime factors of a.
2
Suppose 3*f + 15 = 3*i, f + 0*f + 17 = 4*i. Suppose -i*b + 4*a + 416 = 0, 2*b = 2*a + 2*a + 204. List the prime factors of b.
2, 53
Let i = 15 + -17. Let c be (3 - (1 - 0)) + i. Suppose c*p + 5*p = 25. What are the prime factors of p?
5
Suppose -4*c + 257 = 3*x, 156 = 4*x + 2*c - 170. List the prime factors of x.
79
Let p = 44 + 84. Let a = -82 + p. What are the prime factors of a?
2, 23
Suppose 482 = 3*r - 880. List the prime factors of r.
2, 227
Suppose 0 = -62*w + 63*w + 26. What are the prime factors of -25 - w - -1*1*52?
53
Let d(b) = -10*b - 28. Let a(w) = 11*w + 29. Let r(v) = 5*a(v) + 6*d(v). What are the prime factors of r(-10)?
3
Let m(u) = -u**2 + 4. Let b be m(0). Suppose -5*y + r + 132 = 532, b*y + 4*r + 320 = 0. Let z = y - -125. What are the prime factors of z?
3, 5
Let r = 994 + -616. List the prime factors of r.
2, 3, 7
Suppose 11*u = 85 + 7945. What are the prime factors of u?
2, 5, 73
Let c(h) = 2*h + 27. Let a be c(-11). Suppose -15 = -3*v, a*v = -b + 2*v + 105. What are the prime factors of b?
2, 3, 5
Let c(y) = 43*y + 4. Let a be c(10). Suppose v + 2*v - 2*n = 656, a = 2*v - 3*n. What are the prime factors of v?
2, 5, 11
Let t(b) = 19*b - 7. Let i be t(1). Suppose 3*u - i*u = -900. List the prime factors of u.
2, 5
Let v be (-270)/65 - 4/(-26). List the prime factors of (22/(-6) - -5)*(-318)/v.
2, 53
Suppose 4*y - 2*o - 295 = y, 96 = y - 3*o. What are the prime factors of 878/18 - (-22)/y?
7
Let a = -21 + 17. Let u be 4/(a/12*-2). What are the prime factors of (u - 4) + 6/3?
2
Let x(q) = q**3 + 13*q**2 + 11*q - 9. Let w be x(-12). What are the prime factors of w + 1*(-2 + 26)?
3
Suppose 4*z - 3431 = 2089. What are the prime factors of z?
2, 3, 5, 23
Let r = 5804 + -3808. List the prime factors of r.
2, 499
Let x(w) = 4*w - 2. Let d be x(3). Let y(s) = s**2 - s - 1. Let r be y(3). Let n = d + r. What are the prime factors of n?
3, 5
Suppose 5*o = 3*v + 4054 + 998, 4*v - 992 = -o. List the prime factors of o.
2, 3, 7
Let b be (-2529)/7 + (-38)/(-133). Let m = b - -1144. List the prime factors of 4/(-20) - m/(-15).
2, 13
Let u be (-9)/18 + 951/(-2). Let s = 673 + u. What are the prime factors of s?
197
Suppose -2*k + 206 = -116. Let t = 252 - k. What are the prime factors of t?
7, 13
Let z = -121 - -117. Let m be 10/(-8) - 1/(-4). What are the prime factors of 1/(-2 - m)*z?
2
Suppose 17*i + 6946 = 17112. What are the prime factors of i?
2, 13, 23
Suppose -361 - 915 = -4*m. Suppose o + 2*o = -4*n + m, 3*o - 2*n - 313 = 0. Suppose -5*s = -4*q + o, 3*s - 91 - 31 = -5*q. List the prime factors of q.
5
Suppose y = 4*u - 46, -y - 3*y + 47 = 5*u. Let g(r) = -r**3 + 11*r**2 + 5*r + 5. List the prime factors of g(u).
2, 3, 5
Suppose -4*d + 3255 = -9*h + 14*h, -2*h = 2*d - 1302. List the prime factors of h.
3, 7, 31
Let q be 9/(-2*(-6)/(-8)). Let r = q + 53. List the prime factors of r.
47
Let b be -1*(1 - (-15)/(-5)). Suppose -2*t = -4*u + 58, 9*t = b*u + 4*t - 41. What are the prime factors of u?
13
Suppose -9 + 1 = -8*a. Let o = 2 + a. Let z(b) = -b**3 + 4*b**2 - b - 3. What are the prime factors of z(o)?
3
Let w = -16 - -9. Let q be (-2)/((-4)/w)*-2. Suppose -5 = -2*d + q. What are the prime factors of d?
2, 3
Let a(w) = 3*w**3 - 6*w**2 + 3*w. Let p be a(5). Suppose -10*h = -7*h - p. List the prime factors of h.
2, 5
Suppose 2*r + 5 = u, 0*r - 48 = -4*u + r. Let w = 15 - u. Suppose -4*x = 4, 5*m + x - 141 = w*x. What are the prime factors of m?
2, 7
Let x be ((-12)/(-10))/(6/15). Suppose 0*u + 96 = x*u. What are the prime factors of u?
2
Let o(n) be the second derivative of -9*n + 1/6*n**3 + 3/20*n**5 - 1/12*n**4 + 0 - n**2. What are the prime factors of o(3)?
73
Suppose 564 = 5*f - f. Suppose 451 - f = 5*y. Suppose y + 34 = 6*m. What are the prime factors of m?
2
Suppose -4*h = 8*h - 24. Suppose -2*a + 212 = 4*q, q + h*a = 2*q - 58. What are the prime factors of q?
2, 3
Suppose 3*g + 15 = 4335. List the prime factors of g.
2, 3, 5
What are the prime factors of (30/9)/((-4)/(-378))?
3, 5, 7
Let i = -12 + 12. Suppose 4*s - 424 - 4 = i. What are the prime factors of s?
107
List the prime factors of ((-6)/(-9))/((-10)/(-10965)).
17, 43
Let b(p) = 7*p + 3. Suppose 18 = 5*x - 7. Let o be b(x). Let w = -10 + o. What are the prime factors of w?
2, 7
Suppose -5*c - 6*w = -2*w - 17, -5*c - 2*w = -21. Suppose -c*h + 3*f + 75 = -2*f, 3*h = 5*f + 35. Let o = 6 + h. List the prime factors of o.
2, 13
Suppose 49*i = 56*i - 26537. List the prime factors of i.
17, 223
Let v = -28 - -22. Let x be ((-4)/v)/(8/(-12)). What are the prime factors of x*(1 + 1 - 31)?
29
Suppose 2192 = -27*p + 31*p. List the prime factors of p.
2, 137
Let p be 48 - (0 + (0 - 0)). Suppose 0 = -8*d + 4*d + p. List the prime factors of d.
2, 3
Let x be (-2)/6 + (-42)/9. Let j = -1 - x. What are the prime factors of 1/j - 46/(-8)?
2, 3
Let r(c) = -c**3 - c + 58. Let k be r(0). Let s = k + -24. Suppose -14 - s = -4*i. What are the prime factors of i?
2, 3
Suppose -5*z = 8*z - 3198. Suppose -10*y + 8*y + z = 0. List the prime factors of y.
3, 41
What are the prime factors of ((-80)/6)/(31/(11067/(-2)))?
2, 5, 7, 17
Let g be (30/(-24))/(3/(-36)). List the prime factors of (215/g + -3)*9/2.
3, 17
Suppose -s = -5019 + 542. What are the prime factors of s?
11, 37
Suppose 2*t + 12 = 4*s, -t + 4*s - 12 = -0*t. Suppose -7*z + 3*z = -c + 3, -2*c + 5*z + 3 = t. What are the prime factors of c - ((-30 - 0) + -1)?
2, 3, 5
Let q = 6548 + -2020. List the prime factors of q.
2, 283
Let m = 1964 + -1114. List the prime factors of m.
2, 5, 17
Suppose 113*q - 39840 = 73*q. What are the prime factors of q?
2, 3, 83
List the prime factors of 43064/22 + 30/55.
2, 11, 89
Let k(o) = o**3 - o**2 + o + 2. Let d be k(0). Let w = 11 + -5. Suppose -4*f + 2 = -d*m - w, -2*m = 0. List the prime factors of f.
2
Let v(r) = -r + 12. Suppose -y - 1 = 1. Let c be 9/(-18) + 25/y. List the prime factors of v(c).
5
Suppose -224322 = -67*x + 25*x. List the prime factors of x.
7, 109
Let p(l) = -l**3 + 12*l**2 + 17*l + 13. Let v be p(13). Suppose b - 2 - 16 = -2*c, -3*b + 5*c + v = 0. List the prime factors of b.
2, 5
Let s = -26 - -31. Suppose -2*b - 95 + s = -5*f, -3*b - 45 = -3*f. List the prime factors of f.
2, 5
Let m be (-6)/(-14) - 2840/28. Let r = m - -178. List the prime factors of r.
7, 11
Let n(b) = 29*b**2 - 5*b - 3. What are the prime factors of n(-5)?
3, 83
Let u(y) = -y**3 - 3*y**2 + 6*y + 6. Let i be u(-4). List the prime factors of (((-447)/i)/(-3))/((-23)/46).
149
Let u = 3260 - 1197. List the prime factors of u.
2063
List the prime factors of 84 + (-5 - 0/2).
79
Suppose -4*h - d - 7 = 0, 13 = -4*h + 4*d + 1. Let p be 26/8 + h/8. What are the prime factors of (-32)/6*(-9)/p?
2
Let m = 1430 - 754. List the prime factors of m.
2, 13
Let y = -18 + 174. Suppose -2*x + 18 + y = 0. What are the prime factors of x?
3, 29
Let z = -717 + 1129. What are the prime factors of z?
2, 103
Let w = 8408 + -6001. What are the prime factors of w?
29, 83
Let c(d) = -107*d**3 + 4*d**2 + 6*d - 6. Let b(g) = -215*g**3 + 9*g**2 + 13*g - 13. Let a(k) = 4*b(k) - 9*c(k). What are the prime factors of a(1)?
103
Let s(l) = 179*l**2 - 21*l + 139. List the prime factors of s(5).
3, 167
Suppose -4*r - 4*s + 52 + 0 = 0, -4*r - 3*s = -55. Suppose 11*x + 175 = r*x. What are the prime factors of x?
5, 7
Let x(u) = -u**3 - 10*u**2 - 8*u - 14. Let p be x(-10). What are the prime factors of p/7*(-12 + 19)?
2, 3, 11
Let m be -25*((-32)/10)/2. Suppose 3*u = 2*u + 2*w + m, 4*u + 4*w - 112 = 0. What are the prime factors of u?
2
Suppose -2*w + 3*k + 195 = 0, 123 = 3*w + 5*k - 217. Let c = -70 + w. What are the prime factors of c?
5, 7
Suppose n = 3*m - m + 975, -2961 = -3*n - 3*m. What are the prime factors of n?
983
Let k be 5/(-25) + 22/10. Let u be -1*(5 + k + 3). List the prime factors of u/2*(4 + -5).
5
Let k(d) be the second derivative of d**5/20 - 5*d**4/12 + d**3/3 + 2*d**2 - 2*d. Let b be k(3). Let l = b - -35. What are the prime factors of l?
3
Let o(s) = s. Let x be o(4). Let q = -12 + 53. Suppose -x*c = -q - 23. List the prime factors of c.
2
Le